[INFO] cloning repository https://github.com/tsathishkumar/stm32-nrf24-example
[INFO] running `Command { std: "git" "-c" "credential.helper=" "-c" "credential.helper=/workspace/cargo-home/bin/git-credential-null" "clone" "--bare" "https://github.com/tsathishkumar/stm32-nrf24-example" "/workspace/cache/git-repos/https%3A%2F%2Fgithub.com%2Ftsathishkumar%2Fstm32-nrf24-example", kill_on_drop: false }`
[INFO] [stderr] Cloning into bare repository '/workspace/cache/git-repos/https%3A%2F%2Fgithub.com%2Ftsathishkumar%2Fstm32-nrf24-example'...
[INFO] running `Command { std: "git" "rev-parse" "HEAD", kill_on_drop: false }`
[INFO] [stdout] ee219d138a60dc6fb72de9e249970256ab5c5ff8
[INFO] checking tsathishkumar/stm32-nrf24-example against try#72f88fc4e9458f89516a0b8b0868f3718aec5b47 for pr-74989
[INFO] running `Command { std: "git" "clone" "/workspace/cache/git-repos/https%3A%2F%2Fgithub.com%2Ftsathishkumar%2Fstm32-nrf24-example" "/workspace/builds/worker-1/source", kill_on_drop: false }`
[INFO] [stderr] Cloning into '/workspace/builds/worker-1/source'...
[INFO] [stderr] done.
[INFO] validating manifest of git repo https://github.com/tsathishkumar/stm32-nrf24-example on toolchain 72f88fc4e9458f89516a0b8b0868f3718aec5b47
[INFO] running `Command { std: "/workspace/cargo-home/bin/cargo" "+72f88fc4e9458f89516a0b8b0868f3718aec5b47" "read-manifest" "--manifest-path" "Cargo.toml", kill_on_drop: false }`
[INFO] removed /workspace/builds/worker-1/source/.cargo/config
[INFO] started tweaking git repo https://github.com/tsathishkumar/stm32-nrf24-example
[INFO] finished tweaking git repo https://github.com/tsathishkumar/stm32-nrf24-example
[INFO] tweaked toml for git repo https://github.com/tsathishkumar/stm32-nrf24-example written to /workspace/builds/worker-1/source/Cargo.toml
[INFO] crate git repo https://github.com/tsathishkumar/stm32-nrf24-example already has a lockfile, it will not be regenerated
[INFO] running `Command { std: "/workspace/cargo-home/bin/cargo" "+72f88fc4e9458f89516a0b8b0868f3718aec5b47" "fetch" "--locked" "--manifest-path" "Cargo.toml", kill_on_drop: false }`
[INFO] [stderr]     Updating git repository `https://github.com/tsathishkumar/nrf24l01.git`
[INFO] [stderr]     Updating git repository `https://github.com/japaric/stm32f103xx-hal.git`
[INFO] [stderr]  Downloading crates ...
[INFO] [stderr]   Downloaded vcell v0.1.0
[INFO] [stderr]   Downloaded panic-abort v0.1.1
[INFO] [stderr]   Downloaded aligned v0.1.2
[INFO] [stderr]   Downloaded nb v0.1.1
[INFO] [stderr]   Downloaded embedded-hal v0.1.2
[INFO] [stderr]   Downloaded untagged-option v0.1.1
[INFO] [stderr]   Downloaded cortex-m v0.4.3
[INFO] [stderr]   Downloaded cortex-m v0.3.1
[INFO] [stderr]   Downloaded volatile-register v0.2.0
[INFO] [stderr]   Downloaded bare-metal v0.1.2
[INFO] [stderr]   Downloaded cortex-m-rt v0.4.0
[INFO] [stderr]   Downloaded stm32f103xx v0.9.1
[INFO] running `Command { std: "docker" "create" "-v" "/var/lib/crater-agent-workspace/builds/worker-1/target:/opt/rustwide/target:rw,Z" "-v" "/var/lib/crater-agent-workspace/builds/worker-1/source:/opt/rustwide/workdir:ro,Z" "-v" "/var/lib/crater-agent-workspace/cargo-home:/opt/rustwide/cargo-home:ro,Z" "-v" "/var/lib/crater-agent-workspace/rustup-home:/opt/rustwide/rustup-home:ro,Z" "-e" "SOURCE_DIR=/opt/rustwide/workdir" "-e" "CARGO_TARGET_DIR=/opt/rustwide/target" "-e" "CARGO_HOME=/opt/rustwide/cargo-home" "-e" "RUSTUP_HOME=/opt/rustwide/rustup-home" "-w" "/opt/rustwide/workdir" "-m" "1610612736" "--user" "0:0" "--network" "none" "rustops/crates-build-env@sha256:d92eaeed33fa75130ca1ee6c8a01d1ffb62bac859dfdfb3450e3e5d1c0146529" "/opt/rustwide/cargo-home/bin/cargo" "+72f88fc4e9458f89516a0b8b0868f3718aec5b47" "metadata" "--no-deps" "--format-version=1", kill_on_drop: false }`
[INFO] [stderr] WARNING: Your kernel does not support swap limit capabilities or the cgroup is not mounted. Memory limited without swap.
[INFO] [stdout] 9bd9310f7f724688c3e8c9e58a2e6d120ebfcd4b9866a6cfaa852b7ba2663b4f
[INFO] running `Command { std: "docker" "start" "-a" "9bd9310f7f724688c3e8c9e58a2e6d120ebfcd4b9866a6cfaa852b7ba2663b4f", kill_on_drop: false }`
[INFO] running `Command { std: "docker" "inspect" "9bd9310f7f724688c3e8c9e58a2e6d120ebfcd4b9866a6cfaa852b7ba2663b4f", kill_on_drop: false }`
[INFO] running `Command { std: "docker" "rm" "-f" "9bd9310f7f724688c3e8c9e58a2e6d120ebfcd4b9866a6cfaa852b7ba2663b4f", kill_on_drop: false }`
[INFO] [stdout] 9bd9310f7f724688c3e8c9e58a2e6d120ebfcd4b9866a6cfaa852b7ba2663b4f
[INFO] running `Command { std: "docker" "create" "-v" "/var/lib/crater-agent-workspace/builds/worker-1/target:/opt/rustwide/target:rw,Z" "-v" "/var/lib/crater-agent-workspace/builds/worker-1/source:/opt/rustwide/workdir:ro,Z" "-v" "/var/lib/crater-agent-workspace/cargo-home:/opt/rustwide/cargo-home:ro,Z" "-v" "/var/lib/crater-agent-workspace/rustup-home:/opt/rustwide/rustup-home:ro,Z" "-e" "SOURCE_DIR=/opt/rustwide/workdir" "-e" "CARGO_TARGET_DIR=/opt/rustwide/target" "-e" "CARGO_INCREMENTAL=0" "-e" "RUST_BACKTRACE=full" "-e" "RUSTFLAGS=--cap-lints=forbid" "-e" "CARGO_HOME=/opt/rustwide/cargo-home" "-e" "RUSTUP_HOME=/opt/rustwide/rustup-home" "-w" "/opt/rustwide/workdir" "-m" "1610612736" "--user" "0:0" "--network" "none" "rustops/crates-build-env@sha256:d92eaeed33fa75130ca1ee6c8a01d1ffb62bac859dfdfb3450e3e5d1c0146529" "/opt/rustwide/cargo-home/bin/cargo" "+72f88fc4e9458f89516a0b8b0868f3718aec5b47" "check" "--frozen" "--all" "--all-targets" "--message-format=json", kill_on_drop: false }`
[INFO] [stdout] 5dc34337e9e8ef7d5fbf1b3e0c742c786ca0e7affecf1b39f38aa9b0d9f54dcf
[INFO] [stderr] WARNING: Your kernel does not support swap limit capabilities or the cgroup is not mounted. Memory limited without swap.
[INFO] running `Command { std: "docker" "start" "-a" "5dc34337e9e8ef7d5fbf1b3e0c742c786ca0e7affecf1b39f38aa9b0d9f54dcf", kill_on_drop: false }`
[INFO] [stderr]     Checking vcell v0.1.0
[INFO] [stderr]     Checking bare-metal v0.1.2
[INFO] [stderr]     Checking aligned v0.1.2
[INFO] [stderr]    Compiling cortex-m v0.3.1
[INFO] [stderr]    Compiling cortex-m-rt v0.4.0
[INFO] [stderr]    Compiling cortex-m v0.4.3
[INFO] [stderr]     Checking nb v0.1.1
[INFO] [stderr]     Checking untagged-option v0.1.1
[INFO] [stderr]     Checking r0 v0.2.2
[INFO] [stderr]    Compiling stm32f103xx-hal v0.1.0 (https://github.com/japaric/stm32f103xx-hal.git#330c9044)
[INFO] [stderr]     Checking panic-abort v0.1.1
[INFO] [stdout] error[E0522]: definition of an unknown language item: `panic_fmt`
[INFO] [stdout]   --> /opt/rustwide/cargo-home/registry/src/github.com-1ecc6299db9ec823/panic-abort-0.1.1/src/lib.rs:25:1
[INFO] [stdout]    |
[INFO] [stdout] 25 | #[lang = "panic_fmt"]
[INFO] [stdout]    | ^^^^^^^^^^^^^^^^^^^^^ definition of unknown language item `panic_fmt`
[INFO] [stdout] 
[INFO] [stdout] 
[INFO] [stdout] error: aborting due to previous error
[INFO] [stdout] 
[INFO] [stdout] 
[INFO] [stdout] For more information about this error, try `rustc --explain E0522`.
[INFO] [stdout] 
[INFO] [stderr] error: could not compile `panic-abort`.
[INFO] [stderr] 
[INFO] [stderr] To learn more, run the command again with --verbose.
[INFO] [stderr] warning: build failed, waiting for other jobs to finish...
[INFO] [stdout] error[E0740]: unions may not contain fields that need dropping
[INFO] [stdout]   --> /opt/rustwide/cargo-home/registry/src/github.com-1ecc6299db9ec823/untagged-option-0.1.1/src/lib.rs:53:5
[INFO] [stdout]    |
[INFO] [stdout] 53 |     pub some: T,
[INFO] [stdout]    |     ^^^^^^^^^^^
[INFO] [stdout]    |
[INFO] [stdout] note: `std::mem::ManuallyDrop` can be used to wrap the type
[INFO] [stdout]   --> /opt/rustwide/cargo-home/registry/src/github.com-1ecc6299db9ec823/untagged-option-0.1.1/src/lib.rs:53:5
[INFO] [stdout]    |
[INFO] [stdout] 53 |     pub some: T,
[INFO] [stdout]    |     ^^^^^^^^^^^
[INFO] [stdout] 
[INFO] [stdout] 
[INFO] [stdout] error: aborting due to previous error
[INFO] [stdout] 
[INFO] [stdout] 
[INFO] [stdout] For more information about this error, try `rustc --explain E0740`.
[INFO] [stdout] 
[INFO] [stdout] error[E0635]: unknown feature `const_unsafe_cell_new`
[INFO] [stdout]  --> /opt/rustwide/cargo-home/registry/src/github.com-1ecc6299db9ec823/bare-metal-0.1.2/src/lib.rs:5:53
[INFO] [stdout]   |
[INFO] [stdout] 5 | #![cfg_attr(feature = "const-fn", feature(const_fn, const_unsafe_cell_new))]
[INFO] [stdout]   |                                                     ^^^^^^^^^^^^^^^^^^^^^
[INFO] [stdout] 
[INFO] [stdout] 
[INFO] [stdout] error: aborting due to previous error
[INFO] [stdout] 
[INFO] [stdout] 
[INFO] [stdout] For more information about this error, try `rustc --explain E0635`.
[INFO] [stdout] 
[INFO] [stderr] error: build failed
[INFO] running `Command { std: "docker" "inspect" "5dc34337e9e8ef7d5fbf1b3e0c742c786ca0e7affecf1b39f38aa9b0d9f54dcf", kill_on_drop: false }`
[INFO] running `Command { std: "docker" "rm" "-f" "5dc34337e9e8ef7d5fbf1b3e0c742c786ca0e7affecf1b39f38aa9b0d9f54dcf", kill_on_drop: false }`
[INFO] [stdout] 5dc34337e9e8ef7d5fbf1b3e0c742c786ca0e7affecf1b39f38aa9b0d9f54dcf
